-5*l(r) - 3*o(r). Calculate m(6).
6
Let f(p) = -3*p + p**3 + 0*p - 2*p**2 + 0*p - 3. Let m(n) = n**2 - 8*n + 3. Let v(t) = 2*t. Let i be v(4). Let r be m(i). Determine f(r).
-3
Let y(b) = -b - 8. Suppose 13*t - 11*t = -20. Calculate y(t).
2
Let c(i) = 2*i**2 - 7*i + 6. Let n = -4 - -8. What is c(n)?
10
Let v(t) = -t**2 - t + 5. Let d(r) = -r + 1. Let u(i) = -i**3 + 7*i**2 + 1. Let s be u(7). Let x be d(s). Determine v(x).
5
Let d(n) = 8*n - 11. Let b(u) = -23*u + 32. Let m(i) = -6*b(i) - 17*d(i). Determine m(-4).
-13
Suppose 2*u - 4*u + 64 = 0. Let w be 2/(-6) + u/6. Let s(x) = -2*x + 4. What is s(w)?
-6
Let i(h) be the second derivative of -h**6/360 + h**5/24 - h**4/24 - h**3/3 + 3*h. Let o(w) be the second derivative of i(w). Give o(4).
3
Let s be 1 + -2 - (0 + 1). Let a(j) be the first derivative of j**2/2 + 2*j - 1. What is a(s)?
0
Let x(r) = r**2 - r - 15. Suppose -2*s + 2 + 0 = 2*p, -s + 4*p - 4 = 0. Give x(s).
-15
Let p(i) be the third derivative of -i**4/8 + i**3/6 + 22*i**2. What is p(-2)?
7
Let h(p) = -2*p**2 + 6*p + 6. Let l(q) = 4*q**2 - 11*q - 11. Let j(t) = 7*h(t) + 4*l(t). Calculate j(4).
22
Let p(a) = -2*a - 8. Let w = -47 - -40. Give p(w).
6
Let w(j) be the first derivative of 3*j**2 - 1. Let x be (-3)/(-2)*(-5 + 3). Let c(u) = u**2 + 4*u + 2. Let g be c(x). Calculate w(g).
-6
Let m(q) = -2*q**3 + 3 - q**2 + q + 5 + q**3 - 14. Determine m(0).
-6
Let d(m) be the first derivative of 2*m**2 - 3*m + 1. Let w = -4 - -4. Suppose -2*z + 4 = -w. Calculate d(z).
5
Let h(y) be the second derivative of y**5/2 - 45*y. What is h(-1)?
-10
Let n(q) = -q - 1. Let t(a) = -1. Let v(d) = -3*d - 3. Let f(o) = -4*t(o) + v(o). Let g be f(2). What is n(g)?
4
Let u(k) = -38*k - 3. Let h be (9/(-18))/(2/(-8)). Let b(v) = 13*v + 1. Let i(p) = h*u(p) + 7*b(p). Give i(-1).
-14
Let s(f) be the first derivative of -f**5/60 - f**4/8 - f**3/2 - f**2/2 + 2. Let z(l) be the second derivative of s(l). What is z(-3)?
-3
Let l(p) = -p**3 - 6*p**2 - 6*p - 6. Let j(r) = 15*r**3 - 2*r**2 + 1. Let d be j(1). Let t be d/6 + (-2)/(-3). Suppose x = -2 - t. Give l(x).
-1
Let p = 5 - 9. Let q(m) = m**3 - 2*m**2 + 8*m. Let x(r) = 4*r**3 - 1 - 4*r**3 + r**3 + r**3 + 9*r - 2*r**2. Let z(g) = -3*q(g) + 2*x(g). Give z(p).
-10
Let p(j) = -j + 4. Let n = -6 - -6. Let u be (n + 1/3)*-6. Let g(d) = -d**3 + 2*d - 1. Let r be g(u). Determine p(r).
1
Let o(q) = 7*q**3 - 20*q**2 + 15*q - 9. Let w(j) = 3*j**3 - 10*j**2 + 8*j - 5. Let g(t) = -2*o(t) + 5*w(t). What is g(9)?
2
Let s(y) be the first derivative of -y**3/3 - 8*y + 2. What is s(0)?
-8
Let b be (-100)/40*(-4)/(-5) - -4. Let m(r) = 2*r**3 + r**2 - r - 2. Determine m(b).
16
Let m(g) be the third derivative of g**7/840 - g**6/360 - g**5/15 + 2*g**2. Let p(c) be the third derivative of m(c). Determine p(-2).
-14
Let t(k) be the third derivative of k**4/24 + k**3/2 - 13*k**2. Calculate t(-4).
-1
Let c(b) = -2*b**3 - 2*b**2 + 3*b + 2. Let u = -5 - -9. Let x(h) = -h - 1. Let y be x(-3). Suppose u*r + 4*v + 8 = 0, -2 = -r + y*r + 2*v. Determine c(r).
4
Let q(y) be the third derivative of 0*y**4 - y**2 + 0*y + 0 - 1/15*y**5 + 1/120*y**6 + 1/6*y**3. Give q(4).
1
Suppose -5*m + 9 = -1. Suppose g + 2 = m*g. Let o(p) = -6*p - p**2 - 3*p**2 + p**g + 4 + p**3. What is o(4)?
-4
Let c(b) = b. Suppose -5*h + 3*a - 2 = -0*a, 5*h - 4*a + 1 = 0. Let u(m) = -5*m - 2. Let p(i) = h*u(i) - 6*c(i). Let n = 1 + 3. Determine p(n).
-2
Let l(k) be the second derivative of -k**4/12 + k**3/6 + 7*k**2/2 - 17*k. Give l(0).
7
Let w(s) = s**2 - 2*s - 3. Let l be w(3). Let n(b) = 1 + l + b - 2 + 4. What is n(-3)?
0
Let b(c) = -c**2 + 6 - 1 - 7*c + 4 + 6*c. Give b(0).
9
Let z(b) = b**2 - 5*b + 1. Let r be z(4). Let l(y) be the third derivative of y**5/60 - y**4/24 - y**3/3 - 4*y**2. Give l(r).
10
Let v = -2 - -1. Let h = 14 + -11. Let d(u) = -1 - 2*u + 0*u - 4*u**3 + 8*u**h. Determine d(v).
-3
Let m(n) be the second derivative of -n**6/120 - n**5/30 + n**4/6 + n**3/3 - n**2 + 4*n. Let q(i) be the first derivative of m(i). What is q(-3)?
-1
Suppose -4*o + 8 = n - 4, -4*o + 4*n - 8 = 0. Let s(h) = 7*h - h - 7*h - o. Give s(0).
-2
Suppose 6 = 2*m + m. Let x(p) = -5 + 2*p**m - p**2 + 2*p**2 - p**3 - 2*p**2. Calculate x(0).
-5
Let f(r) = -r**3 - 2*r**2 + 3*r + 3. Let m be 3*(-4 + (-40)/(-12)). Calculate f(m).
-3
Let n(a) = 0*a - 2*a + a + 2*a. Let k be 4 + 1 + (8 - 10). Suppose -m = 5*h - 31, -5 = 2*m - k*h - 2. What is n(m)?
6
Suppose 5*a + 19 = -2*g, 9*g + 3*a = 4*g - 38. Let s = 2 + g. Let z(m) = m**2 + 5*m + 6. Calculate z(s).
6
Suppose 0 = -n - 6 + 1, -4*d + 2*n - 2 = 0. Let r(z) = 2*z + 4. Determine r(d).
-2
Suppose -2*d - 4*u + 20 = -4*d, -d + 4*u - 18 = 0. Let b be (1 + 1)*(-3)/d. Let s(f) = b - f + 4*f - 1 - 3. Determine s(-2).
-7
Let h(s) be the third derivative of 0 - 3*s**2 - 1/3*s**3 + 5/24*s**4 + 0*s. Let t be (-3)/(-1 - 2)*2. Determine h(t).
8
Suppose 0 = -2*c + 2*r + 10, 3*c - 4*r - 18 = -0*r. Let q(j) be the third derivative of -2*j**c - 3/2*j**3 + 0 + 0*j - 1/24*j**4. Determine q(-5).
-4
Let j(f) = 6*f**2 + f**2 - 6*f + f**3 - 2 - 3*f**2. Let y = -7 - -2. Calculate j(y).
3
Let l(a) = a + 3. Suppose -o = 5*o. What is l(o)?
3
Let g(t) = -t**3 + 9*t**2 + t - 7. Let b be g(9). Let h(y) = y - 3 + 0*y + 0 + 2*y. Determine h(b).
3
Let s(k) = -2*k - 2. Let t be s(-2). Let r be t/2 + (-1)/(-1). Let h(d) = -2*d**2 + 6*d**2 + 3 - d**3 + 3*d + r*d. Determine h(5).
3
Let s(j) = 5. Let m(p) = p + 9. Let u(g) = -4*m(g) + 7*s(g). Suppose -h = 3 - 1. Calculate u(h).
7
Let b(m) = m**2 + 10*m - 1. Suppose 95 = -11*c + 29. Give b(c).
-25
Let i(j) = -j**3 - 4*j**2 - 2*j + 4. Let x be 30/12 + (-2)/4. Suppose 2*f - x*g + 12 = 0, 2*f + 4*g - 3*g = -21. Let l be (6/(-18))/((-1)/f). Calculate i(l).
1
Let w be 10/(-15) - 22/(-6). Let l(v) = -7*v + 1 + w*v - v**2 + 7*v. Give l(5).
-9
Let b(m) = -m**3 - 4*m**2 + 3*m + 5. Suppose -5*x + 27 = 7. Suppose 4*y - 12 = 0, 31 = -x*k + 6*y - y. Determine b(k).
-7
Let w(u) = u + 1. Suppose 0 = -8*i + 4*i - 4*o - 4, 8 = -3*i - 4*o. Let m = i - 6. Give w(m).
-1
Let k(n) = 5*n**2 - n - 1. Let w be k(-1). Let y(d) = d**3 - 1 - d + 1 + w*d**2 - 5. Determine y(-5).
0
Let u(g) = g**3 - 1. Let q(b) = -b + 6. Let o(f) = -q(f) - 6*u(f). What is o(-1)?
5
Let w(u) be the third derivative of -u**5/20 - u**4/8 - u**3/6 - 3*u**2. Let f be w(-2). Let r = f - -6. Let h(q) = -3*q**3 + q + 1. What is h(r)?
3
Let a(r) = -r + 1. Let y be a(0). Suppose -5*b - 3*s = -8*b + 6, 2*s - 1 = -3*b. Let x(m) = -y + b + m. What is x(-5)?
-5
Let x(a) = -7*a. Let b(g) = 11*g. Let s(f) = -5*b(f) - 8*x(f). Suppose 0*z + 7 = z - 2*h, z - 4*h = 11. Suppose -z*i - 1 = -2*i. Calculate s(i).
-1
Let b be 2/4 + 1/2. Let h be 6/2*b/(-3). Let q(j) = 0*j**2 - 7*j**2 + 2*j - 1 - 3*j. Give q(h).
-7
Let k(c) = -c**2 + 5. Suppose 8 = 2*x - 4*x. What is k(x)?
-11
Let v(f) = -f + 6. Suppose -4*m = -8*m. Let z be m/(2 + (0 - 3)). What is v(z)?
6
Suppose 0 = -2*z - 1 - 1. Let l be (z - (-3 + 0)) + -1. Let t(w) be the first derivative of 7*w**4/4 + w**2 - w - 1. What is t(l)?
8
Let t(r) = 4*r - 4. Suppose -g = -2*g + 8. Let v = 11 - g. Calculate t(v).
8
Let n(w) = -3*w**2 + 2*w + 3. Suppose -15 = -6*t + t. Give n(t).
-18
Let p(h) = 3*h + 2. Let v be (18/7)/3*35/(-5). What is p(v)?
-16
Let o(j) = j**3 - 4*j**2 + j - 2. Suppose -15 = -6*x + 3*x. Suppose -x*n - 5*v - 20 = 0, 2*n + 0 = 3*v + 12. Suppose -p + 4 + n = 0. What is o(p)?
2
Let m(n) = n**2 - 2*n. Let l = 21 - 17. What is m(l)?
8
Suppose -3 = -5*s + 27. Let r(y) = y**2 - 4*y - 2. Let o be r(5). Let z(l) = -5*l**3 - 5 + 6*l**o - l**2 - 5*l**2 + 2*l. Determine z(s).
7
Let g = -3 + 9. Suppose -4*j = 2*t, 3*t + t = -j + 7. Let w(c) = 0 + g + 6*c - c**t - 3*c. What is w(5)?
-4
Suppose 0 = 6*h - 2*h - 12. Suppose y - 3*s = 6, h*s = -4*y + 6*s + 6. Let r(t) = t**2 - 2*t**2 + 7*t - 7 + y*t**2. Determine r(5).
3
Let s(o) = 4*o - 2*o - o - 10. Let g be s(8). Let m(j) = -j + 1. Let q(i) = i. Let c(x) = -2*m(x) - q(x). What is c(g)?
-4
Let u(i) = i**3 + 2*i**2 + 4*i + 2. Let r(w) = w**3 + w**2 + 4*w + 3. Let n(y) = -4*r(y) + 5*u(y). Give n(-5).
3
Let n = -20 - -20. Let w(v) = v**2 + v - 3. Calculate w(n).
-3
Let q(v) = 2*v**2 + 1. Let u = -23 + 36. Let i = 9 - u. Let c be 11/5 + i/20. Give q(c).
9
Let r(m) = -12*m**2 - 1. Let n(t) = 36*t**2 - t